 -21*g - 1. Let n be a(-1). Suppose 0 - n = -k. Calculate the remainder when w is divided by k.
18
Let c = -17 - -38. What is the remainder when c is divided by 11?
10
Let v(k) = k**2 - 5*k + 3. Calculate the remainder when 8 is divided by v(5).
2
Let k(s) = -s**2 + 17*s - 12. Let g be k(11). Suppose -48 - g = -2*v. What is the remainder when v is divided by 14?
9
Calculate the remainder when 78 is divided by (3/(-5))/((-1)/45).
24
Suppose 2*t - 6 = -0*t. Calculate the remainder when 163/4 + t/12 is divided by 22.
19
Suppose -2*u + 42 = -0*u. What is the remainder when u is divided by 11?
10
Let p(q) = -q + 13. Let a be p(8). Suppose a*j - 18 = 4*j. Calculate the remainder when j is divided by 7.
4
Suppose -2*v + d - 12 = -3*v, 2*d + 36 = 4*v. Let j(r) = -r**3 - 9*r**2 - r + 9. Calculate the remainder when j(-9) is divided by v.
8
Suppose -4*o + 80 = -u + 2*u, 20 = 5*u. Let z be 4/1 + 1 + -3. Calculate the remainder when o is divided by 15/z + (-2)/4.
5
Let i be (-12)/8*4/(-6). Calculate the remainder when (-736)/(-20) - i/(-5) is divided by 10.
7
Suppose -6*s + 40 = -242. What is the remainder when s is divided by 25?
22
Let s(r) = -2*r + 4. Calculate the remainder when 59 is divided by s(-4).
11
Let u = 27 + -12. Let r = -51 + 108. Calculate the remainder when r is divided by u.
12
Suppose -2*m + 0 = -8. What is the remainder when 11 + 2 + (-3 - -1) is divided by m?
3
Suppose 2*m = m + 37. Let r(b) = b**2 - 12*b - 8. Let l(d) = -d + 1. Let h(j) = 4*l(j) - r(j). Calculate the remainder when m is divided by h(7).
18
Let v = 17 - -2. Suppose -27 = -6*a + 15. Calculate the remainder when v is divided by a.
5
Suppose -62 - 33 = -v. Suppose -6*d + 2*d = -5*s + v, -3*s - 3*d + 84 = 0. What is the remainder when s is divided by 8?
7
Suppose -5*x - 2 = 13. Suppose -3*w = -0*w - 60. Calculate the remainder when (116/6)/((-1)/x) is divided by w.
18
Let y(q) be the second derivative of -q**4/12 + 3*q**3 - 3*q**2 - 6*q. What is the remainder when y(13) is divided by 15?
14
Let d(g) = g**3 + g**2 - 2*g + 2. Suppose 5*n - 6 = 24. Let u(h) = -h**2 + 11*h - 13. Calculate the remainder when d(3) is divided by u(n).
15
Calculate the remainder when 218 - (2 + 0) - 2 is divided by 43.
42
Let q = 7 + -8. Let d(a) = -5*a. Let h be d(q). Suppose -2*u = b - 36, -36 = -h*u + b + 68. Calculate the remainder when 59 is divided by u.
19
Let i(a) be the first derivative of a**3/3 - 3*a**2/2 - 9*a + 3. What is the remainder when i(8) is divided by 16?
15
What is the remainder when ((-22)/(-6) + -4)/((-1)/54) is divided by 5?
3
Let n = -78 - -92. Calculate the remainder when n is divided by 5.
4
Suppose 0*p + 2*p + 8 = 0. Let b(j) = j**2. Let n be b(p). Suppose o = 5*o - n. What is the remainder when 15 is divided by o?
3
Suppose 5*n - 35 - 40 = 0. Suppose 4*s - 2*s + 18 = 0. What is the remainder when n is divided by (-74)/s + (-4)/18?
7
Let o be (-8)/3*(-12)/(-8). Let h = o - -19. What is the remainder when 57 is divided by h?
12
Let s(y) = 13*y - 2. Let d be (10/8)/(1/4). What is the remainder when s(d) is divided by 22?
19
Let p(v) = 4 - 2*v - 1 + 7*v**2 + 4*v - 4*v**2. What is the remainder when 19 is divided by p(-2)?
8
Let g = -18 + 49. What is the remainder when g is divided by 17?
14
What is the remainder when 16 is divided by (-4)/10 - 52/(-5)?
6
Suppose -5*y + 3*n = -597, n + 483 = 4*y + 4*n. Calculate the remainder when y is divided by 31.
27
Suppose -5*s = -0*f + f + 5, 0 = 2*s + 4. Let k(n) = 5 - 4*n + n**3 + 0*n - 3*n**2 + 0*n**2. Calculate the remainder when k(f) is divided by 12.
11
What is the remainder when 135 is divided by (-1 - 9/(-6)) + (-364)/(-8)?
43
Let w = 6 + -3. Suppose 0 = d - w*d + 20. Let r = -44 - -63. What is the remainder when r is divided by d?
9
Let o(i) = i**3 + 7*i**2 + 6*i + 2. Let h be o(-6). Suppose -3*w + 42 + 63 = 0. Calculate the remainder when w is divided by (0 + 1/h)*24.
11
Let h(z) be the first derivative of z**2 + 10*z + 1. What is the remainder when h(9) is divided by 10?
8
Let s be 16/10 - (-2)/5. Suppose 2*w = 24 - s. Calculate the remainder when w is divided by 6.
5
Let d(l) = -l**3 - 6*l**2 - 4*l + 4. Let q be d(-5). Let b be (7/4)/(q/(-4)). Suppose 19 = 2*h - b. Calculate the remainder when 24 is divided by h.
11
Suppose 5*b = n + 54, 4 = 2*n + 2. What is the remainder when 28 is divided by b?
6
Suppose -l + 2 + 2 = 0. Let r(t) = 5*t**2 + 2*t - 3. Calculate the remainder when r(l) is divided by 22.
19
Suppose q = 5*q - 88. Let c = -194 + 280. What is the remainder when c is divided by q?
20
Let n(i) = i**3 - 8*i**2 + 11*i - 8. Calculate the remainder when n(7) is divided by 8.
4
Let v(j) = 27*j**2 + 2*j - 2. Let p be v(1). Suppose 3*o - p = -3*r, 3*r + o + 3*o = 25. What is the remainder when 32 is divided by r?
10
Suppose 4*w = 3*b + 172, 2*w = w - 5*b + 43. Calculate the remainder when w is divided by 9.
7
Let i(c) = c + 11. Let x be i(-6). What is the remainder when 10 is divided by (-66)/(-10) - 3/x?
4
Let g(h) = h - 5. Let r be g(5). Suppose -225 = -r*s - 5*s. Calculate the remainder when s is divided by 12.
9
Suppose q = -33 - 0. Let k = -15 - q. Calculate the remainder when 53 is divided by k.
17
Let b = 11 - -10. Let d be ((-2)/(-6))/((-2)/(-186)). Let c = d - 20. Calculate the remainder when b is divided by c.
10
Let w(r) = r**2 - 5*r + 3. Let x be w(5). Suppose -2 - 4 = -x*l. Suppose 17 = 3*j + l*m + 2*m, m = -1. Calculate the remainder when 12 is divided by j.
5
Suppose n - 64 = -4*m, -95 = 5*n - 2*m - 327. What is the remainder when n is divided by 17?
14
Suppose 12*m = 22*m - 140. What is the remainder when 26 is divided by m?
12
Let w be 678/(-10) - 2/10. Let g = w - -96. Let l = -1 + 11. Calculate the remainder when g is divided by l.
8
Calculate the remainder when (-8)/(-1 + 3) - -79 is divided by 19.
18
Suppose 280 = 5*i + p - 71, -3*i = 3*p - 213. Let r = i + -39. Calculate the remainder when r is divided by 0 - -11 - 0/2.
9
Let x be 1 + (-7)/(-1 + 2). Let k(c) = -c - 6. What is the remainder when (-38)/x + 6/9 is divided by k(-9)?
1
Let u(y) = -y**3 + 3*y**2 + 6*y - 5. Suppose -v = 6 + 5. Let a = v - -16. What is the remainder when a is divided by u(4)?
2
Let b = 20 + -14. Suppose 3*d - b = 0, 5*l + d + d - 34 = 0. What is the remainder when 10 is divided by l?
4
Let z be 0/(1 + (-5 - -3)). Suppose z = -q - 2*q + 219. What is the remainder when q is divided by 25?
23
Let u(d) = -d**3 - 17*d**2 - 2*d - 15. What is the remainder when 35 is divided by u(-17)?
16
Suppose -96 = 4*b - 7*b. What is the remainder when 92 is divided by b?
28
Let g(x) = x**3 + 12*x**2 + 9*x. Suppose 0 = 3*f + 8 - 32. What is the remainder when g(-11) is divided by f?
6
Suppose 2*w + 22 - 56 = 0. Calculate the remainder when w is divided by 10.
7
Let s be 6 + -4 - (-1 + 11). Let t(f) = -f**3 - 9*f**2 - 8*f + 10. What is the remainder when 18 is divided by t(s)?
8
What is the remainder when 8 is divided by (-3 - -4) + 1*-4 + 5?
0
Suppose 2*v + p - 1 = 0, -2*v - 19 = -4*v + 5*p. Suppose 4*s = -12, -s = -3*m + v*s + 21. Calculate the remainder when m is divided by 2.
0
Calculate the remainder when 42 + (4 + -5 - 4) is divided by (-19)/(-2)*(3 + -1).
18
Let d be (-158)/(-4) - 5/(-10). Suppose 3*x + 10 = 5*o - d, 3*o - 5*x - 14 = 0. Calculate the remainder when 23 is divided by o.
10
Let y(b) = -b. Calculate the remainder when (-8 - 3)/(3/(-6)) is divided by y(-8).
6
Suppose -162 = 3*z + 4*p - 16, 0 = -2*z - 3*p - 97. What is the remainder when z/6*6*-1 is divided by 17?
16
Let s = -55 - -97. Calculate the remainder when s is divided by 15.
12
Let u be (-1)/(1 - 0)*-4. Suppose k + 98 = 2*k - u*r, 4*k + 4*r - 372 = 0. Calculate the remainder when k is divided by 24.
22
Calculate the remainder when (-951)/(-27) - 2/9 is divided by 12 + (0 + 0)/(-1).
11
Let k = 99 - 41. What is the remainder when k is divided by 30?
28
Let b = 3 + -1. Suppose -28 = -2*m - 2*u - 2*u, 0 = b*m + 5*u - 30. What is the remainder when 38 is divided by m?
8
Let y(m) be the second derivative of -2*m + m**2 + 0 - 1/2*m**3. What is the remainder when 31 is divided by y(-3)?
9
Let g = 16 - 13. Calculate the remainder when g is divided by 3*(1 - 1/3).
1
Let w = 4 - -1. Suppose w*t - 291 = 39. Calculate the remainder when t is divided by (-1)/4 - (-69)/4.
15
